 of a?
8
Suppose -15*r + 19*r = -2*t + 562, -5*t + 404 = 3*r. What is the units digit of r?
3
Suppose 0 = -3*g - 2*g + 30. Suppose 2*l = -g - 70. Let m = -17 - l. What is the tens digit of m?
2
Suppose 4*m - 328 = -0*m. Let p = 48 - m. Let r = -15 - p. What is the tens digit of r?
1
Suppose 203 = 3*t + q, -4*q = 9 - 17. What is the units digit of t?
7
Let c be (3 - 2) + -3 - -2. Suppose c = -o - 0*o + 4. Suppose -o*l - y = -104, -4*l + y + 17 = -87. What is the units digit of l?
6
Suppose 2*r = p + 1851, -4*r - 8*p + 11*p = -3707. What is the hundreds digit of r?
9
Suppose -1 = -4*m + 11, 1302 = 3*l - 5*m. What is the hundreds digit of l?
4
Let q be 3*-1*-2*79/(-6). Let b = q - -150. What is the tens digit of b?
7
Suppose 4*n - 4*l - 72 = 0, -2*n - 2*l + 49 + 3 = 0. Let y(w) = w**3 - 1 + 29*w**2 - 6 - n*w**2. What is the tens digit of y(-6)?
2
Let x(j) = 220*j**2 - 6*j + 6. What is the units digit of x(1)?
0
Let i(z) be the third derivative of z**6/120 - 3*z**5/10 - 5*z**4/8 + 23*z**3/6 + 8*z**2. What is the units digit of i(19)?
9
Let f(i) = 104*i + 413. What is the units digit of f(16)?
7
Let u(q) = 58*q + 2. Let r be u(4). Suppose -r = 37*d - 40*d. What is the units digit of d?
8
Let g = -23 + 32. Let t be 12/g + (-98)/(-3). What is the units digit of -2 + t + (-2 - -2)?
2
Let o be (-111)/(3/(-1) + 2). Suppose -4*s = -4*w - 0*s + 240, 2*w = 5*s + o. What is the units digit of w?
3
What is the tens digit of ((-36)/30)/(4/(-1030))?
0
Let o = 2774 + -1578. What is the tens digit of o?
9
Let i(k) = -1. Let n be ((-20)/(-6))/(1/(-3)). Let p(y) = y - 7. Let r(z) = n*i(z) + 2*p(z). What is the units digit of r(6)?
8
Let z(h) = -2*h. Let p(q) = -9*q + 14. Let u(x) = 2*p(x) - 10*z(x). Let f be u(-16). Let l = f - -21. What is the tens digit of l?
1
Suppose 120 = 4*a + 3*u, 0*u - 65 = -3*a + 4*u. Let d = a + -17. Suppose 0 = d*o - 7*o - 135. What is the tens digit of o?
4
Suppose -2*d + 509 = -g, 5*d - 3*g - 1013 = d. What is the units digit of d?
7
What is the units digit of (-1864 + -20)/((-6)/4)?
6
Let v = -178 + 158. What is the tens digit of v/30 - 742/(-6)?
2
Suppose 510 = 76*f - 75*f. What is the units digit of f?
0
Let d(g) = g**3 + g**2 + g + 9. Let z(b) = -4*b - 11. Let n be z(-6). Let r = n - 13. What is the units digit of d(r)?
9
Let h be (-1)/(-5)*2*5. Let t(f) = 7*f**2 + 2*f. What is the tens digit of t(h)?
3
What is the tens digit of (-36)/(-42) - 8466/(-21)?
0
Let o be (-6 + 10 + 27)/(1/(-3)). Let v(b) = -62*b**3 - b. Let t be v(1). Let s = t - o. What is the units digit of s?
0
Let y(j) be the second derivative of -j**3/2 - 9*j**2/2 - 6*j. Let n be y(9). Let v = n + 57. What is the tens digit of v?
2
Let s = 2211 - 818. What is the units digit of s?
3
Suppose 4*j + 2*u - u + 70 = 0, 5*u = -3*j - 44. Let m = -15 - j. Suppose -m*g = 4*v - 16 - 211, 2*g - 10 = 0. What is the tens digit of v?
5
Suppose 378 + 72 = 5*u. What is the tens digit of (2*(-12)/16)/((-1)/u)?
3
Let w(z) = z**3 + 5*z**2 - 6. Let j be w(-3). Let r = j + 79. What is the tens digit of r?
9
Let n(c) = 17*c**2 + 43*c + 65. What is the tens digit of n(-15)?
4
Let t(v) = -64*v - 11. Let f be t(-7). Suppose -y + s = 3*y - 579, 3*y = -2*s + f. What is the tens digit of y?
4
Let b be ((-3)/(-6))/((-1)/(-4)). Suppose -5*y + 5*x - 4*x = 19, 3*x - 6 = -b*y. Let d(t) = t**2 - 3*t - 3. What is the units digit of d(y)?
5
What is the tens digit of ((-6)/(-15))/(3 + (-81978)/27330)?
1
Let b = 34 + -29. Suppose -24 - 276 = -b*m. What is the tens digit of m?
6
Let u(s) = -40*s - 2. Let y be u(-6). Let i = -82 + y. What is the units digit of i?
6
What is the hundreds digit of (68/119)/(2/7483)?
1
Suppose -j = -5*j. Suppose -3*u + j*u = -36. What is the tens digit of 208/u - 1/3?
1
Let f(x) = 2*x + 1. Let j be f(2). Suppose 2*a + 0*a - o - 66 = 0, -4*o = j*a - 152. What is the units digit of a?
2
Let t(w) = 17*w**2 - 4*w - 16. What is the tens digit of t(5)?
8
Suppose -2*q - 2*s - 20 = 0, 0*q + 6 = -2*q + 5*s. Let l = 13 + q. Suppose -l*w + 273 - 48 = 0. What is the tens digit of w?
4
Suppose -24*b + 70360 = -34592. What is the hundreds digit of b?
3
Suppose 0 = -3*q - 6, 2*q + 1 = -3*z - 3. Suppose -6 = -5*w + 5*j + 54, -29 = -2*w - 3*j. Suppose -4*i - w + 125 = z. What is the units digit of i?
8
Let k be 4 + -4 - 2/4*0. Suppose -7*w + 9*w - 142 = k. What is the tens digit of w?
7
Suppose -v - 2*q + 390 = 0, -3*v - 12*q = -16*q - 1160. What is the tens digit of v?
8
Suppose 0 = t - 4 + 10. Let q = t + 10. Suppose 3*x = -2*b + 55, -q*x + 35 = -0*x - 5*b. What is the tens digit of x?
1
Let a = 1888 + -1087. What is the hundreds digit of a?
8
Let o = -3653 - -5949. What is the hundreds digit of o?
2
Let q(d) = -d**2 + 4*d - 8. Let u be q(6). Let w be -3*(u/3)/4. Suppose -2*b + w*b - 180 = -4*t, 3*b = 0. What is the units digit of t?
5
Let z(d) = d**2 + 2*d + 18. Let y be z(0). What is the tens digit of 1318/y - (-8)/(-36)?
7
Suppose -446 - 2882 = -13*y. What is the hundreds digit of y?
2
Let s be (30/21)/((-1)/(-35)). Suppose 2*b + b + 2*u = -93, -105 = 3*b - 2*u. Let l = b + s. What is the units digit of l?
7
Let c(h) = 2*h**2 + h + 2. Let d be c(1). Suppose -5*u = -k - 46, d*u + k - 5*k - 34 = 0. What is the tens digit of u?
1
Let t = -3941 - -6359. What is the tens digit of t?
1
Suppose 0 = -11*q + 15*q - 356. What is the tens digit of q?
8
Suppose 0 = -l + 5*s + 345, -5*l - 6*s + 1855 = -5*s. What is the tens digit of l?
7
Let n = 18 + -15. Suppose -2*j = n*p - 514, -p + 2*j + 862 = 4*p. What is the tens digit of p?
7
Let y = 24 + -15. Let s be ((-30)/y)/((-4)/48). Let k = 59 - s. What is the tens digit of k?
1
Suppose 2*q + 6861 = 5*p, -2*p = 6*q - 2*q - 2754. What is the hundreds digit of p?
3
Suppose 0 = -o - 2*o - 9. Let k(x) = -2*x**2 + 84*x - 4. Let f be k(42). What is the units digit of (f - o)*1*-3?
3
Let s(l) = -3 + 0 + 9*l**2 + 6*l + 2*l**3 - 4 + 11*l**2. What is the tens digit of s(-9)?
0
Let a(n) = -3*n - 9. Let q be a(-4). Suppose q*u + 4 = -5. Let j(o) = -o**3 - 2*o**2 - 3*o - 1. What is the units digit of j(u)?
7
Suppose 0 = 4*a - 5*a - 12. What is the units digit of a/2*14/(-4)?
1
Let w = -48 + 73. Suppose 2*x + 3*x = w. Suppose -x*t - 48 = -8*t. What is the tens digit of t?
1
Suppose -4*l - 1443 = -7*l. Let h = 677 - l. What is the units digit of h?
6
Let w(c) = c**3 - 2*c**2 - 3*c. Let d be w(4). Let x = -27 + d. Let j(v) = -4*v - 8. What is the units digit of j(x)?
0
Let w = 279 + -179. What is the tens digit of w?
0
Let m be (-9)/(-6)*(7 + -9). What is the units digit of (63/6)/m*-2?
7
Let a(q) = 9*q**2 - 15*q - 12. What is the hundreds digit of a(5)?
1
Suppose 22*x - 558 = 16*x. Let n = x - 0. What is the units digit of n?
3
Let g = 13 + -20. What is the units digit of (-2)/g - (-159)/7?
3
Suppose 4892 = 4*n + 2*u, -u - 3678 = -3*n + 2*u. What is the units digit of n?
4
Let k(x) = 24*x**3 + 2*x**2 - 2*x. Let q be k(2). Let t = -75 - -337. Suppose -3*h = -4*c + t, -2*h = c - 4*c + q. What is the units digit of c?
4
Suppose 4*z - 8 = 7*w - 2*w, 4*z = 8. Suppose 847 = 7*i - w*i. What is the tens digit of i?
2
Let x(z) = -z**3 - 20*z**2 + 13*z - 18. Suppose 0 = -9*i + 4*i - 105. What is the tens digit of x(i)?
5
Let d be 2/12 + 3039/18. Suppose 2*m + 45 = d. Let k = m - 36. What is the tens digit of k?
2
Let t(h) = -6*h**2 - 3*h**2 - 15 - 16*h**3 + 3 + 19*h + 17*h**3. What is the tens digit of t(7)?
2
Let i(k) = 109*k**2 - 7*k + 37. What is the thousands digit of i(4)?
1
Let f be (-11 - 20)/(1 - 0). Let v = 24 - f. What is the units digit of v?
5
Let v(f) = 2*f**2 + 8*f - 15. Let d be v(-8). What is the units digit of d/(-2)*-1*2?
9
Let b be (-78)/(-9) - 7/(-21). Suppose b = 4*z - 3*v, -v = -z - 3*v + 5. What is the tens digit of (-873)/(-21) - z/(-7)?
4
Let j be 4*((-285)/(-12) - -1). Suppose -c = f + 2*f - j, 5*f - 317 = -3*c. What is the hundreds digit of c?
1
Let z(n) be the first derivative of 2*n**3/3 + 3*n**2/2 - 8*n + 1. What is the units digit of z(4)?
6
Let c = -3 + 11. Let o = -38 + 80. Let d = o - c. What is the tens digit of d?
3
Suppose -141 = -11*u + 13. What is the units digit of (u/(-4) - -3)*-16?
8
Suppose 11*q - 2*q = 1197. Suppose -5*j + 77 = -q. What is the units digit of j?
2
Suppose 3*i = -4*v + 163, -2*v + 31 = -4*i - 67. What is the units